{"id":105,"date":"2014-09-02T14:24:13","date_gmt":"2014-09-02T13:24:13","guid":{"rendered":"http:\/\/vsatest.wpweb.fr\/?page_id=105"},"modified":"2015-09-17T15:00:23","modified_gmt":"2015-09-17T15:00:23","slug":"dans-les-alentours","status":"publish","type":"page","link":"https:\/\/ville-sous-anjou.fr\/?page_id=105","title":{"rendered":"Dans les alentours"},"content":{"rendered":"<p>La commune de Ville-Sous-Anjou est situ\u00e9e en Is\u00e8re Rhodanienne, \u00e0 quelques kilom\u00e8tres des d\u00e9partements du Rh\u00f4ne, de la Loire, de la Dr\u00f4me et de l\u2019Ard\u00e8che, quasi \u00e0 mi-chemin des villes de Lyon, St Etienne, Valence, et Grenoble. Bref, un point de d\u00e9part id\u00e9al pour d\u00e9couvrir la r\u00e9gion et une grande vari\u00e9t\u00e9 de paysages dans un rayon de 100km, ou un peu plus pour les plus courageux.<\/p>\n<p>Site de l&rsquo;office du tourisme du pays roussillonnais : <a href=\"http:\/\/www.tourisme-pays-roussillonnais.fr\/\" target=\"_blank\">http:\/\/www.tourisme-pays-roussillonnais.fr\/<\/a><\/p>\n<p><strong>Lyon, une ville \u00e0 d\u00e9couvrir et \u00e0 savourer !<\/strong><\/p>\n<p>A 50km, accessible rapidement par l&rsquo;autoroute A7, vous pourrez d\u00e9couvrir la belle ville de Lyon, class\u00e9e au patrimoine mondial de l&rsquo;Unesco : une ville charg\u00e9e d&rsquo;histoire, o\u00f9 il fait bon vivre au bord du Rh\u00f4ne et de la Sa\u00f4ne, une ville dynamique, avec ses quartiers commer\u00e7ants, ses mus\u00e9es, ses \u00e9v\u00e8nements&#8230; Allez fl\u00e2ner dans le vieux Lyon du quartier St Jean et ses traboules ou dans le Lyon des ouvriers devenu le Lyon tendance de la Croix-Rousse, vous ne serez pas d\u00e9\u00e7us ! Les plus gourmets et amateurs de vin pourront \u00e9galement profiter de la gastronomie lyonnaise et des vins issus des terroirs de la r\u00e9gion.<\/p>\n<p>Site de l&rsquo;office du tourisme de Lyon : <a href=\"http:\/\/www.lyon-france.com\/\">http:\/\/www.lyon-france.com\/<\/a><\/p>\n<p>Visiter Lyon : <a href=\"http:\/\/www.visiterlyon.com\/\">http:\/\/www.visiterlyon.com\/<\/a><\/p>\n<p>Les toques blanches lyonnaises : <a href=\"http:\/\/www.visiterlyon.com\/-Toques-Blanches-Lyonnaises-.html\">http:\/\/www.visiterlyon.com\/-Toques-Blanches-Lyonnaises-.html<\/a><\/p>\n<p><strong>D\u00e9couvrir une grande richesse de vignobles<\/strong><\/p>\n<p>Aux portes de Lyon s&rsquo;\u00e9tendent en effet plusieurs vignobles : vins de la Vall\u00e9e du Rh\u00f4ne au sud (C\u00f4te Rotie, Condrieu, Vins de Vienne, St Joseph, Crozes Hermitage, Cornas, St Peray..) et au nord les vins du Beaujolais et les Bourgognes, de quoi ravir les amateurs !<\/p>\n<p>Vignobles de la vall\u00e9e du Rh\u00f4ne : <a href=\"http:\/\/www.vins-rhone.com\/\">http:\/\/www.vins-rhone.com\/<\/a><\/p>\n<p>Vignobles des coteaux du lyonnais : <a href=\"http:\/\/www.coteaux-du-lyonnais.com\/\">http:\/\/www.coteaux-du-lyonnais.com\/<\/a><\/p>\n<p>Vignobles du Beaujolais : <a href=\"http:\/\/www.beaujolais.fr\/\">http:\/\/www.beaujolais.fr\/<\/a><\/p>\n<p>Vignobles de Bourgogne : <a href=\"http:\/\/www.vins-bourgogne.fr\/\">http:\/\/www.vins-bourgogne.fr\/<\/a><\/p>\n<p><strong>Un patrimoine architectural vari\u00e9<\/strong><\/p>\n<p><strong>\u00a0<\/strong>A 20 mn de Ville-sous-Anjou, nous vous invitons \u00e0 aller d\u00e9couvrir la veille ville de Vienne, pourquoi pas un samedi pour profiter ainsi de son march\u00e9 hebdomadaire, l&rsquo;un des plus grands de France !<\/p>\n<p>March\u00e9 de Vienne : <a href=\"http:\/\/www.vienne.fr\/decouvrir-vienne\/les-marches-de-vienne\">http:\/\/www.vienne.fr\/decouvrir-vienne\/les-marches-de-vienne<\/a><\/p>\n<p>Vienne est riche de sites gallo romains remarquables, comme le temple de Livie, le th\u00e9\u00e2tre Antique, la pyramide, qui \u00e9galement donn\u00e9 son nom au restaurant du chef \u00e9toil\u00e9 Patrick Henrirou, et dot\u00e9e d&rsquo;un mus\u00e9e sur ce th\u00e8me, sur la commune voisine de Saint-Romain-en-Gal.<\/p>\n<p>Sites gallo-romains : <a href=\"http:\/\/www.vienne-tourisme.com\/sites-gallo-romains.html\">http:\/\/www.vienne-tourisme.com\/sites-gallo-romains.html<\/a><\/p>\n<p><strong>Gastronomie<\/strong><\/p>\n<p>Point besoin de faire beaucoup de route pour d\u00e9guster de la bonne cuisine, avec un excellent rapport qualit\u00e9 prix.<\/p>\n<p>Les meilleurs restaurants du coin ont aussi leur brasserie, pour des assiettes tout aussi savoureuses, \u00e0 des prix abordables.<\/p>\n<p>&nbsp;<\/p>\n<p><strong>Une nature pr\u00e9serv\u00e9e<\/strong><\/p>\n<p>Notre commune ravira les amateurs de nature, de randonn\u00e9e. En effet, Ville sous Anjou est nich\u00e9e aux coeurs de collines verdoyantes, aux paysages faisant alterner vergers, bosquets, culture. Au d\u00e9part du village, vous pourrez d\u00e9couvrir de multiples sentiers qui vous permettront d&rsquo;admirer le massif du Pilat \u00e0 l&rsquo;ouest et la cha\u00eene des Alpes et le Vercors, par beau temps, \u00e0 l&rsquo;est.<\/p>\n<p>L&rsquo;office du tourisme du pays roussillonnais met \u00e0 votre disposition des guides de randonn\u00e9e; t\u00e9l\u00e9chargeables \u00e9galement sur leur site : <a href=\"http:\/\/www.tourisme-pays-roussillonnais.fr\/visiter\/decouvrir-le-pays-roussillonnais\/bouger\/la-viarhona-et-la-randonnee\/\">http:\/\/www.tourisme-pays-roussillonnais.fr\/visiter\/decouvrir-le-pays-roussillonnais\/bouger\/la-viarhona-et-la-randonnee\/<\/a><\/p>\n<p>Dans le parc naturel r\u00e9gional du Pilat, vous d\u00e9couvrirez une grande vari\u00e9t\u00e9 de paysage : sombres for\u00eats, grandes prairies, rocailles c\u00f4t\u00e9 Ard\u00e8che : <a href=\"http:\/\/www.pilat-tourisme.fr\/fr\/\">http:\/\/www.pilat-tourisme.fr\/fr\/<\/a><\/p>\n<p>Enfin, \u00e0 un peu plus d&rsquo;heure de route, du c\u00f4t\u00e9 de Valence, nous vous invitons \u00e0 aller d\u00e9couvrir le Vercors, ses falaises de calcaire, ses couleurs chatoyantes en automne, ses routes spectaculaires dans les Gorges de la Bourne par exemple <a href=\"http:\/\/vercors.fr\/\">http:\/\/vercors.fr\/<\/a><\/p>\n<p>Voici encore quelques sites remarquables \u00e0 d\u00e9couvrir par chez nous, \u00e0 une heure ou deux maximum de route :<\/p>\n<p>La ville de Vienne et ses sites gallo-romains : <a href=\"http:\/\/www.vienne-tourisme.com\/patrimoine.html\">http:\/\/www.vienne-tourisme.com\/patrimoine.html<\/a><\/p>\n<p>Les collines de la Dr\u00f4me : <a href=\"http:\/\/www.dromedescollines-tourisme.com\/\">www.dromedescollines-tourisme.com<\/a><\/p>\n<p>Les gorges de l\u2019Ard\u00e8che : http:\/\/www.vallon-pont-darc.com\/decouvrir\/5501,le-patrimoine-naturel.html<\/p>\n<p>Le Massif de la Chartreuse : <a href=\"http:\/\/chartreuse-tourisme.com\/\">http:\/\/chartreuse-tourisme.com<\/a><\/p>\n<p>Le Massif de Belledone : <a href=\"http:\/\/www.isere-tourisme.com\/decouvrir-lisere\/belledonne\">http:\/\/www.isere-tourisme.com\/decouvrir-lisere\/belledonne<\/a><\/p>\n","protected":false},"excerpt":{"rendered":"<p>La commune de Ville-Sous-Anjou est situ\u00e9e en Is\u00e8re Rhodanienne, \u00e0 quelques kilom\u00e8tres des d\u00e9partements du Rh\u00f4ne, de la Loire, de la Dr\u00f4me et de l\u2019Ard\u00e8che, quasi \u00e0 mi-chemin des villes de Lyon, St Etienne, Valence, et Grenoble. Bref, un point de d\u00e9part id\u00e9al pour d\u00e9couvrir la r\u00e9gion et une grande [&hellip;]<\/p>\n","protected":false},"author":1,"featured_media":0,"parent":0,"menu_order":0,"comment_status":"closed","ping_status":"closed","template":"","meta":{"_exactmetrics_skip_tracking":false,"_exactmetrics_sitenote_active":false,"_exactmetrics_sitenote_note":"","_exactmetrics_sitenote_category":0,"footnotes":""},"class_list":["post-105","page","type-page","status-publish","hentry"],"_links":{"self":[{"href":"https:\/\/ville-sous-anjou.fr\/index.php?rest_route=\/wp\/v2\/pages\/105","targetHints":{"allow":["GET"]}}],"collection":[{"href":"https:\/\/ville-sous-anjou.fr\/index.php?rest_route=\/wp\/v2\/pages"}],"about":[{"href":"https:\/\/ville-sous-anjou.fr\/index.php?rest_route=\/wp\/v2\/types\/page"}],"author":[{"embeddable":true,"href":"https:\/\/ville-sous-anjou.fr\/index.php?rest_route=\/wp\/v2\/users\/1"}],"replies":[{"embeddable":true,"href":"https:\/\/ville-sous-anjou.fr\/index.php?rest_route=%2Fwp%2Fv2%2Fcomments&post=105"}],"version-history":[{"count":2,"href":"https:\/\/ville-sous-anjou.fr\/index.php?rest_route=\/wp\/v2\/pages\/105\/revisions"}],"predecessor-version":[{"id":1058,"href":"https:\/\/ville-sous-anjou.fr\/index.php?rest_route=\/wp\/v2\/pages\/105\/revisions\/1058"}],"wp:attachment":[{"href":"https:\/\/ville-sous-anjou.fr\/index.php?rest_route=%2Fwp%2Fv2%2Fmedia&parent=105"}],"curies":[{"name":"wp","href":"https:\/\/api.w.org\/{rel}","templated":true}]}}