{"id":127,"date":"2014-09-02T14:35:31","date_gmt":"2014-09-02T13:35:31","guid":{"rendered":"http:\/\/vsatest.wpweb.fr\/?page_id=127"},"modified":"2020-12-03T10:49:12","modified_gmt":"2020-12-03T10:49:12","slug":"demarches-administratives","status":"publish","type":"page","link":"https:\/\/ville-sous-anjou.fr\/?page_id=127","title":{"rendered":"D\u00e9marches administratives"},"content":{"rendered":"<p style=\"text-align: center;\"><span style=\"text-decoration: underline;\"><strong>Comment r\u00e9aliser vos d\u00e9marches administratives ?<\/strong><\/span><\/p>\n<p><strong><em>\u00a0<\/em>Le maire et les services municipaux sont \u00e0 votre \u00e9coute pour votre vie quotidienne dans la commune. <\/strong><\/p>\n<p><strong>Toutefois, la Communaut\u00e9 de Communes Entre Bi\u00e8vre et Rh\u00f4ne \u2013 EBER &#8211; est charg\u00e9e de vos dossiers et demandes en mati\u00e8re de : <\/strong><\/p>\n<p><strong><em>\u00a0<\/em><\/strong><strong>Urbanisme: <\/strong>d\u00e9p\u00f4t des dossiers de permis de construire, certificat d\u2019urbanisme, d\u00e9claration de travaux\u00a0 en Mairie. <strong>L\u2019instruction de la faisabilit\u00e9 des projets est confi\u00e9e au bureau instructeur de la EBER <\/strong><strong>.<\/strong><\/p>\n<ul>\n<li><strong>VOIRIE\u00a0<em>: <\/em><\/strong>entretien des voiries et des panneaux de signalisation, avertir le secr\u00e9tariat de Mairie qui transmet \u00e0 la EBER<\/li>\n<li><strong>DECHETTERIE\u00a0ET ORDURES MENAGERES\u00a0: <\/strong>les collectes et les distributions de conteneurs sont organis\u00e9es par la EBER <em>, <\/em>des ambassadeurs du tri sont \u00e9galement \u00e0 votre disposition<strong> (<\/strong>contact\u00a0: Mme ALLALI<strong>)<\/strong><\/li>\n<\/ul>\n<p><strong>COMMUNAUTE DE COMMUNES ENTRE BIEVRE ET RHONE<br \/>\n<\/strong><\/p>\n<p><strong>Rue du 19 Mars 1962 \u2013 38\u00a0556 St Maurice l\u2019Exil Cedex<br \/>\n<\/strong><\/p>\n<p><strong>T\u00e9l. 04.74.29.31.00 \u2013 Fax 04.74.29.31.09 \u2013 <a href=\"https:\/\/www.entre-bievreetrhone.fr\/\">www.entre-bievreetrhone.fr<\/a><\/strong><\/p>\n<p><strong>\u00a0Pour un meilleur suivi de votre dossier, vous pouvez faire un signalement en Mairie apr\u00e8s avoir contact\u00e9 le service concern\u00e9 \u00e0 la EBER<\/strong><\/p>\n<p style=\"text-align: center;\"><span style=\"text-decoration: underline;\"><strong><em>Comment obtenir vos documents administratifs\u00a0?<\/em><\/strong><\/span><\/p>\n<p style=\"text-align: center;\"><strong><em>\u00a0<\/em>DEPUIS LE 1ER JANVIER 2014, LA CARTE NATIONALE D\u2019IDENTIT\u00c9 D\u00c9LIVR\u00c9E \u00c0 UNE PERSONNE MAJEURE EST \u00a0\u00a0 VALABLE 15 ANS, DE M\u00caME CELLES QUI ONT \u00c9T\u00c9 D\u00c9LIVR\u00c9ES \u00c0 PARTIR DU 2 JANVIER 2004 \u00c0 DES PERSONNES MAJEURES, SONT VALABLES 15 ANS QUELLE QUE SOIT LA DATE DE VALIDIT\u00c9 INSCRITE SUR LA CARTE.<\/strong><\/p>\n<p style=\"text-align: center;\"><a href=\"http:\/\/ville-sous-anjou.fr\/?page_id=306\"><span style=\"text-decoration: underline;\"><em><strong>Etat Civil<\/strong><\/em><\/span><\/a><\/p>\n<p style=\"text-align: center;\"><a href=\"http:\/\/ville-sous-anjou.fr\/?page_id=368\"><span style=\"text-decoration: underline;\"><em><strong>R\u00e9glementation Publique<\/strong><\/em><\/span><\/a><\/p>\n<p style=\"text-align: center;\"><a href=\"http:\/\/ville-sous-anjou.fr\/?page_id=370\"><span style=\"text-decoration: underline;\"><em><strong>Autres Demandes<\/strong><\/em><\/span><\/a><\/p>\n","protected":false},"excerpt":{"rendered":"<p>Comment r\u00e9aliser vos d\u00e9marches administratives ? \u00a0Le maire et les services municipaux sont \u00e0 votre \u00e9coute pour votre vie quotidienne dans la commune. Toutefois, la Communaut\u00e9 de Communes Entre Bi\u00e8vre et Rh\u00f4ne \u2013 EBER &#8211; est charg\u00e9e de vos dossiers et demandes en mati\u00e8re de : \u00a0Urbanisme: d\u00e9p\u00f4t des dossiers [&hellip;]<\/p>\n","protected":false},"author":1,"featured_media":0,"parent":0,"menu_order":0,"comment_status":"closed","ping_status":"closed","template":"","meta":{"_exactmetrics_skip_tracking":false,"_exactmetrics_sitenote_active":false,"_exactmetrics_sitenote_note":"","_exactmetrics_sitenote_category":0,"footnotes":""},"class_list":["post-127","page","type-page","status-publish","hentry"],"_links":{"self":[{"href":"https:\/\/ville-sous-anjou.fr\/index.php?rest_route=\/wp\/v2\/pages\/127","targetHints":{"allow":["GET"]}}],"collection":[{"href":"https:\/\/ville-sous-anjou.fr\/index.php?rest_route=\/wp\/v2\/pages"}],"about":[{"href":"https:\/\/ville-sous-anjou.fr\/index.php?rest_route=\/wp\/v2\/types\/page"}],"author":[{"embeddable":true,"href":"https:\/\/ville-sous-anjou.fr\/index.php?rest_route=\/wp\/v2\/users\/1"}],"replies":[{"embeddable":true,"href":"https:\/\/ville-sous-anjou.fr\/index.php?rest_route=%2Fwp%2Fv2%2Fcomments&post=127"}],"version-history":[{"count":3,"href":"https:\/\/ville-sous-anjou.fr\/index.php?rest_route=\/wp\/v2\/pages\/127\/revisions"}],"predecessor-version":[{"id":2430,"href":"https:\/\/ville-sous-anjou.fr\/index.php?rest_route=\/wp\/v2\/pages\/127\/revisions\/2430"}],"wp:attachment":[{"href":"https:\/\/ville-sous-anjou.fr\/index.php?rest_route=%2Fwp%2Fv2%2Fmedia&parent=127"}],"curies":[{"name":"wp","href":"https:\/\/api.w.org\/{rel}","templated":true}]}}