{"id":133,"date":"2014-09-02T14:36:30","date_gmt":"2014-09-02T13:36:30","guid":{"rendered":"http:\/\/vsatest.wpweb.fr\/?page_id=133"},"modified":"2020-06-22T09:11:31","modified_gmt":"2020-06-22T09:11:31","slug":"la-dechetterie","status":"publish","type":"page","link":"https:\/\/ville-sous-anjou.fr\/?page_id=133","title":{"rendered":"La d\u00e9chetterie"},"content":{"rendered":"\n<p>Depuis le 01\/01\/2020, les d\u00e9ch\u00e8teries publiques sont r\u00e9serv\u00e9es aux particuliers. Ainsi, les professionnels doivent s&rsquo;orienter vers d&rsquo;autres services.<\/p>\n\n\n\n<p>Les d\u00e9ch\u00e8teries sont accessibles sur pr\u00e9sentation d&rsquo;un justificatif de domicile ou d&rsquo;un badge pour les d\u00e9ch\u00e8teries de Beaurepaire et Montseveroux.<\/p>\n\n\n\n<p>Tout usager refus\u00e9 en d\u00e9ch\u00e8terie peut s&rsquo;adresser :<\/p>\n\n\n\n<ul class=\"wp-block-list\"><li>au service environnement du si\u00e8ge de la communaut\u00e9 de communes, t\u00e9l 04.74.29.31.15,<\/li><li>ou au p\u00f4le de proximit\u00e9 EBER \u00e0 Beaurepaire, t\u00e9l 04.74.84.67.29.<\/li><\/ul>\n\n\n<ul>\n<li><a href=\"http:\/\/ville-sous-anjou.fr\/wp-content\/uploads\/2020\/06\/2020-06-05_depliant_decheterie_particulier_WEB.pdf\" target=\"_blank\" rel=\"noopener noreferrer\"><em><strong>Mode d&#8217;emploi<\/strong><\/em><\/a><\/li>\n<li><em><strong><a rel=\"noreferrer noopener\" aria-label=\"R\u00e8glement des d\u00e9cheteries (s\u2019ouvre dans un nouvel onglet)\" href=\"http:\/\/ville-sous-anjou.fr\/wp-content\/uploads\/2020\/01\/r\u00e8glement-des-d\u00e9ch\u00e8teries-au-01012020-sign\u00e9.pdf\" target=\"_blank\">R\u00e8glement des d\u00e9cheteries<\/a><\/strong><\/em><\/li>\n<li><em><strong><a rel=\"noreferrer noopener\" aria-label=\"D\u00e9pliant d\u00e9cheteries professionnels (s\u2019ouvre dans un nouvel onglet)\" href=\"http:\/\/ville-sous-anjou.fr\/wp-content\/uploads\/2020\/01\/depliant_pro_decheterie_2019-11-26_WEB-1.pdf\" target=\"_blank\">D\u00e9pliant d\u00e9cheteries professionnels<\/a><\/strong><\/em><\/li>\n<\/ul>\n<p><strong>DECHETTERIE<br \/>Ville sous Anjou &#8211; rue de Grange Neuve<br \/>EBER : 04 74 29 31 15<\/strong><\/p>\n<p>Horaires d\u2019ouverture :<\/p>\n<ul>\n<li>lundi, mercredi et vendredi de 14 h \u00e0 18 h<\/li>\n<li>samedi de 9 h \u00e0 12 h et de 14 h \u00e0 18 h<\/li>\n<\/ul>\n<ul><\/ul>\n<p><strong>R\u00e9cup\u00e9ration des d\u00e9chets de soin \u00e0 la d\u00e9chetterie de Saint Clair du Rh\u00f4ne<\/strong><\/p>\n<p>Toutes les d\u00e9chetteries d&rsquo;EBER sont \u00e9galement accessibles aux habitants de Ville sous Anjou<br \/>Renseignements : 04 74 29 31 15<\/p>\n<p><a href=\"http:\/\/ville-sous-anjou.fr\/wp-content\/uploads\/2015\/04\/DECHETT.jpg\"><img loading=\"lazy\" decoding=\"async\" class=\"  wp-image-893 aligncenter\" src=\"http:\/\/ville-sous-anjou.fr\/wp-content\/uploads\/2015\/04\/DECHETT-300x171.jpg\" alt=\"DECHETT\" width=\"621\" height=\"354\" srcset=\"https:\/\/ville-sous-anjou.fr\/wp-content\/uploads\/2015\/04\/DECHETT-300x171.jpg 300w, https:\/\/ville-sous-anjou.fr\/wp-content\/uploads\/2015\/04\/DECHETT-1024x583.jpg 1024w, https:\/\/ville-sous-anjou.fr\/wp-content\/uploads\/2015\/04\/DECHETT.jpg 1165w\" sizes=\"auto, (max-width: 621px) 100vw, 621px\" \/><\/a><\/p>","protected":false},"excerpt":{"rendered":"<p>Depuis le 01\/01\/2020, les d\u00e9ch\u00e8teries publiques sont r\u00e9serv\u00e9es aux particuliers. Ainsi, les professionnels doivent s&rsquo;orienter vers d&rsquo;autres services. Les d\u00e9ch\u00e8teries sont accessibles sur pr\u00e9sentation d&rsquo;un justificatif de domicile ou d&rsquo;un badge pour les d\u00e9ch\u00e8teries de Beaurepaire et Montseveroux. Tout usager refus\u00e9 en d\u00e9ch\u00e8terie peut s&rsquo;adresser : au service environnement du [&hellip;]<\/p>\n","protected":false},"author":1,"featured_media":0,"parent":0,"menu_order":0,"comment_status":"closed","ping_status":"closed","template":"","meta":{"_exactmetrics_skip_tracking":false,"_exactmetrics_sitenote_active":false,"_exactmetrics_sitenote_note":"","_exactmetrics_sitenote_category":0,"footnotes":""},"class_list":["post-133","page","type-page","status-publish","hentry"],"_links":{"self":[{"href":"https:\/\/ville-sous-anjou.fr\/index.php?rest_route=\/wp\/v2\/pages\/133","targetHints":{"allow":["GET"]}}],"collection":[{"href":"https:\/\/ville-sous-anjou.fr\/index.php?rest_route=\/wp\/v2\/pages"}],"about":[{"href":"https:\/\/ville-sous-anjou.fr\/index.php?rest_route=\/wp\/v2\/types\/page"}],"author":[{"embeddable":true,"href":"https:\/\/ville-sous-anjou.fr\/index.php?rest_route=\/wp\/v2\/users\/1"}],"replies":[{"embeddable":true,"href":"https:\/\/ville-sous-anjou.fr\/index.php?rest_route=%2Fwp%2Fv2%2Fcomments&post=133"}],"version-history":[{"count":7,"href":"https:\/\/ville-sous-anjou.fr\/index.php?rest_route=\/wp\/v2\/pages\/133\/revisions"}],"predecessor-version":[{"id":2298,"href":"https:\/\/ville-sous-anjou.fr\/index.php?rest_route=\/wp\/v2\/pages\/133\/revisions\/2298"}],"wp:attachment":[{"href":"https:\/\/ville-sous-anjou.fr\/index.php?rest_route=%2Fwp%2Fv2%2Fmedia&parent=133"}],"curies":[{"name":"wp","href":"https:\/\/api.w.org\/{rel}","templated":true}]}}

La déchetterie

<p>Depuis le 01/01/2020, les déchèteries publiques sont réservées aux particuliers. Ainsi, les professionnels doivent s&rsquo;orienter vers d&rsquo;autres services.</p>



<p>Les déchèteries sont accessibles sur présentation d&rsquo;un justificatif de domicile ou d&rsquo;un badge pour les déchèteries de Beaurepaire et Montseveroux.</p>



<p>Tout usager refusé en déchèterie peut s&rsquo;adresser :</p>



<ul class="wp-block-list"><li>au service environnement du siège de la communauté de communes, tél 04.74.29.31.15,</li><li>ou au pôle de proximité EBER à Beaurepaire, tél 04.74.84.67.29.</li></ul>


<ul>
<li><a href="http://ville-sous-anjou.fr/wp-content/uploads/2020/06/2020-06-05_depliant_decheterie_particulier_WEB.pdf" target="_blank" rel="noopener noreferrer"><em><strong>Mode d&#8217;emploi</strong></em></a></li>
<li><em><strong><a rel="noreferrer noopener" aria-label="Règlement des décheteries (s’ouvre dans un nouvel onglet)" href="http://ville-sous-anjou.fr/wp-content/uploads/2020/01/règlement-des-déchèteries-au-01012020-signé.pdf" target="_blank">Règlement des décheteries</a></strong></em></li>
<li><em><strong><a rel="noreferrer noopener" aria-label="Dépliant décheteries professionnels (s’ouvre dans un nouvel onglet)" href="http://ville-sous-anjou.fr/wp-content/uploads/2020/01/depliant_pro_decheterie_2019-11-26_WEB-1.pdf" target="_blank">Dépliant décheteries professionnels</a></strong></em></li>
</ul>
<p><strong>DECHETTERIE<br />Ville sous Anjou &#8211; rue de Grange Neuve<br />EBER : 04 74 29 31 15</strong></p>
<p>Horaires d’ouverture :</p>
<ul>
<li>lundi, mercredi et vendredi de 14 h à 18 h</li>
<li>samedi de 9 h à 12 h et de 14 h à 18 h</li>
</ul>
<ul></ul>
<p><strong>Récupération des déchets de soin à la déchetterie de Saint Clair du Rhône</strong></p>
<p>Toutes les déchetteries d&rsquo;EBER sont également accessibles aux habitants de Ville sous Anjou<br />Renseignements : 04 74 29 31 15</p>
<p><a href="http://ville-sous-anjou.fr/wp-content/uploads/2015/04/DECHETT.jpg"><img loading="lazy" decoding="async" class="  wp-image-893 aligncenter" src="http://ville-sous-anjou.fr/wp-content/uploads/2015/04/DECHETT-300x171.jpg" alt="DECHETT" width="621" height="354" srcset="https://ville-sous-anjou.fr/wp-content/uploads/2015/04/DECHETT-300x171.jpg 300w, https://ville-sous-anjou.fr/wp-content/uploads/2015/04/DECHETT-1024x583.jpg 1024w, https://ville-sous-anjou.fr/wp-content/uploads/2015/04/DECHETT.jpg 1165w" sizes="auto, (max-width: 621px) 100vw, 621px" /></a></p>

<p>Depuis le 01/01/2020, les déchèteries publiques sont réservées aux particuliers. Ainsi, les professionnels doivent s&rsquo;orienter vers d&rsquo;autres services. Les déchèteries sont accessibles sur présentation d&rsquo;un justificatif de domicile ou d&rsquo;un badge pour les déchèteries de Beaurepaire et Montseveroux. Tout usager refusé en déchèterie peut s&rsquo;adresser : au service environnement du [&hellip;]</p>
