{"id":143,"date":"2014-09-02T14:37:40","date_gmt":"2014-09-02T13:37:40","guid":{"rendered":"http:\/\/vsatest.wpweb.fr\/?page_id=143"},"modified":"2024-01-15T14:19:24","modified_gmt":"2024-01-15T14:19:24","slug":"les-salles-communales","status":"publish","type":"page","link":"https:\/\/ville-sous-anjou.fr\/?page_id=143","title":{"rendered":"Les salles communales"},"content":{"rendered":"<p><strong>LOCATION DE SALLES COMMUNALES<\/strong><br \/>\n<em>T\u00e9l\u00e9phoner en mairie pour la r\u00e9servation<br \/>\nTarifs 2024 :<\/em><\/p>\n<ul>\n<li>Habitants de la commune : Salle de Terrebasse 200\u20ac-Salle Emile Romanet 400\u20ac<em><br \/>\n<\/em><\/li>\n<li>Ext\u00e9rieurs \u00e0 la commune : Salle de Terrebasse 400\u20ac-Salle Emile Romanet 900\u20ac<\/li>\n<\/ul>\n","protected":false},"excerpt":{"rendered":"<p>LOCATION DE SALLES COMMUNALES T\u00e9l\u00e9phoner en mairie pour la r\u00e9servation Tarifs 2024 : Habitants de la commune : Salle de Terrebasse 200\u20ac-Salle Emile Romanet 400\u20ac Ext\u00e9rieurs \u00e0 la commune : Salle de Terrebasse 400\u20ac-Salle Emile Romanet 900\u20ac<\/p>\n","protected":false},"author":1,"featured_media":0,"parent":0,"menu_order":0,"comment_status":"closed","ping_status":"closed","template":"","meta":{"_exactmetrics_skip_tracking":false,"_exactmetrics_sitenote_active":false,"_exactmetrics_sitenote_note":"","_exactmetrics_sitenote_category":0,"footnotes":""},"class_list":["post-143","page","type-page","status-publish","hentry"],"_links":{"self":[{"href":"https:\/\/ville-sous-anjou.fr\/index.php?rest_route=\/wp\/v2\/pages\/143","targetHints":{"allow":["GET"]}}],"collection":[{"href":"https:\/\/ville-sous-anjou.fr\/index.php?rest_route=\/wp\/v2\/pages"}],"about":[{"href":"https:\/\/ville-sous-anjou.fr\/index.php?rest_route=\/wp\/v2\/types\/page"}],"author":[{"embeddable":true,"href":"https:\/\/ville-sous-anjou.fr\/index.php?rest_route=\/wp\/v2\/users\/1"}],"replies":[{"embeddable":true,"href":"https:\/\/ville-sous-anjou.fr\/index.php?rest_route=%2Fwp%2Fv2%2Fcomments&post=143"}],"version-history":[{"count":3,"href":"https:\/\/ville-sous-anjou.fr\/index.php?rest_route=\/wp\/v2\/pages\/143\/revisions"}],"predecessor-version":[{"id":3038,"href":"https:\/\/ville-sous-anjou.fr\/index.php?rest_route=\/wp\/v2\/pages\/143\/revisions\/3038"}],"wp:attachment":[{"href":"https:\/\/ville-sous-anjou.fr\/index.php?rest_route=%2Fwp%2Fv2%2Fmedia&parent=143"}],"curies":[{"name":"wp","href":"https:\/\/api.w.org\/{rel}","templated":true}]}}