{"id":18,"date":"2014-07-16T16:17:55","date_gmt":"2014-07-16T15:17:55","guid":{"rendered":"http:\/\/vsatest.wpweb.fr\/?page_id=18"},"modified":"2015-01-13T11:06:06","modified_gmt":"2015-01-13T11:06:06","slug":"municipalite","status":"publish","type":"page","link":"https:\/\/ville-sous-anjou.fr\/?page_id=18","title":{"rendered":"Mairie"},"content":{"rendered":"<ul class=\"sub-menu\">\n<li id=\"menu-item-633\" class=\"menu-item menu-item-type-post_type menu-item-object-page menu-item-633\"><a href=\"http:\/\/ville-sous-anjou.fr\/?page_id=129\">Les horaires d\u2019ouvertures de la mairie<\/a><\/li>\n<li id=\"menu-item-634\" class=\"menu-item menu-item-type-post_type menu-item-object-page menu-item-634\"><a href=\"http:\/\/ville-sous-anjou.fr\/?page_id=127\">D\u00e9marches administratives<\/a><\/li>\n<li id=\"menu-item-604\" class=\"menu-item menu-item-type-post_type menu-item-object-page menu-item-604\"><a href=\"http:\/\/ville-sous-anjou.fr\/?page_id=21\">Les \u00e9lus<\/a><\/li>\n<li id=\"menu-item-638\" class=\"menu-item menu-item-type-post_type menu-item-object-page menu-item-638\"><a href=\"http:\/\/ville-sous-anjou.fr\/?page_id=60\">Le personnel communal<\/a><\/li>\n<li id=\"menu-item-605\" class=\"menu-item menu-item-type-post_type menu-item-object-page menu-item-605\"><a href=\"http:\/\/ville-sous-anjou.fr\/?page_id=24\">Les commissions<\/a><\/li>\n<li id=\"menu-item-607\" class=\"menu-item menu-item-type-post_type menu-item-object-page menu-item-607\"><a href=\"http:\/\/ville-sous-anjou.fr\/?page_id=62\">Les compte-rendus des conseils<\/a><\/li>\n<li id=\"menu-item-608\" class=\"menu-item menu-item-type-post_type menu-item-object-page menu-item-608\"><a href=\"http:\/\/ville-sous-anjou.fr\/?page_id=64\">Intercommunalit\u00e9<\/a><\/li>\n<li id=\"menu-item-609\" class=\"menu-item menu-item-type-post_type menu-item-object-page menu-item-609\"><a href=\"http:\/\/ville-sous-anjou.fr\/?page_id=66\">Nos publications<\/a><\/li>\n<\/ul>\n","protected":false},"excerpt":{"rendered":"<p>Les horaires d\u2019ouvertures de la mairie D\u00e9marches administratives Les \u00e9lus Le personnel communal Les commissions Les compte-rendus des conseils Intercommunalit\u00e9 Nos publications<\/p>\n","protected":false},"author":1,"featured_media":0,"parent":0,"menu_order":0,"comment_status":"closed","ping_status":"closed","template":"","meta":{"_exactmetrics_skip_tracking":false,"_exactmetrics_sitenote_active":false,"_exactmetrics_sitenote_note":"","_exactmetrics_sitenote_category":0,"footnotes":""},"class_list":["post-18","page","type-page","status-publish","hentry"],"_links":{"self":[{"href":"https:\/\/ville-sous-anjou.fr\/index.php?rest_route=\/wp\/v2\/pages\/18","targetHints":{"allow":["GET"]}}],"collection":[{"href":"https:\/\/ville-sous-anjou.fr\/index.php?rest_route=\/wp\/v2\/pages"}],"about":[{"href":"https:\/\/ville-sous-anjou.fr\/index.php?rest_route=\/wp\/v2\/types\/page"}],"author":[{"embeddable":true,"href":"https:\/\/ville-sous-anjou.fr\/index.php?rest_route=\/wp\/v2\/users\/1"}],"replies":[{"embeddable":true,"href":"https:\/\/ville-sous-anjou.fr\/index.php?rest_route=%2Fwp%2Fv2%2Fcomments&post=18"}],"version-history":[{"count":1,"href":"https:\/\/ville-sous-anjou.fr\/index.php?rest_route=\/wp\/v2\/pages\/18\/revisions"}],"predecessor-version":[{"id":672,"href":"https:\/\/ville-sous-anjou.fr\/index.php?rest_route=\/wp\/v2\/pages\/18\/revisions\/672"}],"wp:attachment":[{"href":"https:\/\/ville-sous-anjou.fr\/index.php?rest_route=%2Fwp%2Fv2%2Fmedia&parent=18"}],"curies":[{"name":"wp","href":"https:\/\/api.w.org\/{rel}","templated":true}]}}