{"id":198,"date":"2014-09-08T20:46:04","date_gmt":"2014-09-08T19:46:04","guid":{"rendered":"http:\/\/vsatest.wpweb.fr\/?page_id=198"},"modified":"2025-09-10T14:40:57","modified_gmt":"2025-09-10T14:40:57","slug":"relais-assistantes-maternelles","status":"publish","type":"page","link":"https:\/\/ville-sous-anjou.fr\/?page_id=198","title":{"rendered":"Relais Assistantes Maternelles"},"content":{"rendered":"<p>Le Relais du Roussillonnais est un lieu o\u00f9 Parents et Assistantes Maternelles des communes d\u2019Assieu, St Romain de Surieu, Ville Sous Anjou, La Chapelle de Surieu peuvent trouver une \u00e9coute, une aide, un soutien, et participer \u00e0 des Temps d\u2019animation avec les enfants.<\/p>\n<p><strong>POUR LES PARENTS<\/strong><\/p>\n<ul>\n<li>Information sur les diff\u00e9rents modes de garde existant sur le secteur, et orientation,<\/li>\n<li>Aide dans vos d\u00e9marches administratives en qualit\u00e9 d\u2019employeur d\u2019Assistante Maternelle,<\/li>\n<li>Acc\u00e8s \u00e0 des temps d\u2019animation avec vos enfants,<\/li>\n<li>Acc\u00e8s \u00e0 des soir\u00e9es \u00e0 th\u00e8me, spectacles, f\u00eates, \u2026<\/li>\n<li>Information sur vos droits et devoirs de professionnelle de la Petite Enfance,<\/li>\n<li>Formation tout au long de votre parcours professionnel,<\/li>\n<li>Acc\u00e8s \u00e0 un \u00ab\u00a0Pr\u00eat de mat\u00e9riel de Pu\u00e9riculture\u00a0\u00bb et \u00e0 un \u00ab\u00a0Pr\u00eat de Jeux\u00a0\u00bb,<\/li>\n<li>Acc\u00e8s \u00e0 des temps d\u2019animation avec les enfants que vous accueillez,<\/li>\n<li>Acc\u00e8s \u00e0 des soir\u00e9es \u00e0 th\u00e8me, spectacles, f\u00eates, \u2026<\/li>\n<\/ul>\n<p><strong>POUR LES ASSISTANTES MATERNELLES<\/strong><\/p>\n<p><strong>POUR LES ENFANTS<\/strong><\/p>\n<p>Des \u00ab\u00a0Temps de Rencontre\u00a0\u00bb sont organis\u00e9s <strong>le mardi matin de 9h \u00e0 12h,<\/strong> une fois par mois en moyenne dans chacune des 4 communes\u00a0: Assieu, Ville Sous Anjou, St Romain de Surieu, La Chapelle de Surieu.<\/p>\n<p>Ces rencontres ouvertes \u00e0 tous\u00a0: Parents et Assistantes Maternelles, sont des lieux de socialisation pour les enfants dans un cadre s\u00e9curisant.<\/p>\n<p><strong>A Ville sous Anjou ,<\/strong> les rencontres ont lieu dans la salle d\u2019exposition de la biblioth\u00e8que, voici les dates pour l\u2019ann\u00e9e 2025\/2026 :<\/p>\n<ul>\n<li>Mardi 23\/09\/25<\/li>\n<li>Mardi 04\/11\/25<\/li>\n<li>Mardi 02\/12\/25<\/li>\n<li>Mardi 13\/01\/26<\/li>\n<li>Mardi 24\/02\/26<\/li>\n<li>Mardi 24\/03\/26<\/li>\n<li>Mardi 05\/05\/26<\/li>\n<li>Mardi 02\/06\/26<\/li>\n<li>Mardi 30\/06\/26<\/li>\n<\/ul>\n","protected":false},"excerpt":{"rendered":"<p>Le Relais du Roussillonnais est un lieu o\u00f9 Parents et Assistantes Maternelles des communes d\u2019Assieu, St Romain de Surieu, Ville Sous Anjou, La Chapelle de Surieu peuvent trouver une \u00e9coute, une aide, un soutien, et participer \u00e0 des Temps d\u2019animation avec les enfants. POUR LES PARENTS Information sur les diff\u00e9rents [&hellip;]<\/p>\n","protected":false},"author":1,"featured_media":0,"parent":0,"menu_order":0,"comment_status":"closed","ping_status":"closed","template":"","meta":{"_exactmetrics_skip_tracking":false,"_exactmetrics_sitenote_active":false,"_exactmetrics_sitenote_note":"","_exactmetrics_sitenote_category":0,"footnotes":""},"class_list":["post-198","page","type-page","status-publish","hentry"],"_links":{"self":[{"href":"https:\/\/ville-sous-anjou.fr\/index.php?rest_route=\/wp\/v2\/pages\/198","targetHints":{"allow":["GET"]}}],"collection":[{"href":"https:\/\/ville-sous-anjou.fr\/index.php?rest_route=\/wp\/v2\/pages"}],"about":[{"href":"https:\/\/ville-sous-anjou.fr\/index.php?rest_route=\/wp\/v2\/types\/page"}],"author":[{"embeddable":true,"href":"https:\/\/ville-sous-anjou.fr\/index.php?rest_route=\/wp\/v2\/users\/1"}],"replies":[{"embeddable":true,"href":"https:\/\/ville-sous-anjou.fr\/index.php?rest_route=%2Fwp%2Fv2%2Fcomments&post=198"}],"version-history":[{"count":16,"href":"https:\/\/ville-sous-anjou.fr\/index.php?rest_route=\/wp\/v2\/pages\/198\/revisions"}],"predecessor-version":[{"id":3325,"href":"https:\/\/ville-sous-anjou.fr\/index.php?rest_route=\/wp\/v2\/pages\/198\/revisions\/3325"}],"wp:attachment":[{"href":"https:\/\/ville-sous-anjou.fr\/index.php?rest_route=%2Fwp%2Fv2%2Fmedia&parent=198"}],"curies":[{"name":"wp","href":"https:\/\/api.w.org\/{rel}","templated":true}]}}