{"id":3237,"date":"2025-02-03T15:11:18","date_gmt":"2025-02-03T15:11:18","guid":{"rendered":"https:\/\/ville-sous-anjou.fr\/?page_id=3237"},"modified":"2025-02-03T15:16:48","modified_gmt":"2025-02-03T15:16:48","slug":"agir-pour-lecole","status":"publish","type":"page","link":"https:\/\/ville-sous-anjou.fr\/?page_id=3237","title":{"rendered":"Agir pour l&rsquo;\u00e9cole"},"content":{"rendered":"\n<figure class=\"wp-block-gallery has-nested-images columns-default is-cropped wp-block-gallery-1 is-layout-flex wp-block-gallery-is-layout-flex\"><\/figure>\n\n\n\n<figure class=\"wp-block-video\"><video height=\"1080\" style=\"aspect-ratio: 1920 \/ 1080;\" width=\"1920\" controls src=\"https:\/\/ville-sous-anjou.fr\/wp-content\/uploads\/2025\/02\/Video-ecole-de-Ville-sous-Anjou.mp4\"><\/video><\/figure>\n\n\n\n<p><\/p>\n\n\n\n<p>La pr\u00e9sente vid\u00e9o constitue une \u0153uvre dont la&nbsp;Commune de Ville-sous-Anjou est l&rsquo;auteur, prot\u00e9g\u00e9e par la l\u00e9gislation en vigueur (article L.122-4 du code de la propri\u00e9t\u00e9 intellectuelle). Toute copie m\u00eame partielle de cette vid\u00e9o interdite sauf consentement expr\u00e8s du Maire de la commune. Les logos, textes, photographies, vid\u00e9o etc&#8230; sont la propri\u00e9t\u00e9 de la Commune ou de tiers ayant autoris\u00e9s la&nbsp;Commune de Ville-sous-Anjou \u00e0 les utiliser.<\/p>\n\n\n\n<p><\/p>\n\n\n\n<p><\/p>\n","protected":false},"excerpt":{"rendered":"<p>La pr\u00e9sente vid\u00e9o constitue une \u0153uvre dont la&nbsp;Commune de Ville-sous-Anjou est l&rsquo;auteur, prot\u00e9g\u00e9e par la l\u00e9gislation en vigueur (article L.122-4 du code de la propri\u00e9t\u00e9 intellectuelle). Toute copie m\u00eame partielle de cette vid\u00e9o interdite sauf consentement expr\u00e8s du Maire de la commune. Les logos, textes, photographies, vid\u00e9o etc&#8230; sont la [&hellip;]<\/p>\n","protected":false},"author":1,"featured_media":0,"parent":0,"menu_order":0,"comment_status":"closed","ping_status":"closed","template":"","meta":{"_exactmetrics_skip_tracking":false,"_exactmetrics_sitenote_active":false,"_exactmetrics_sitenote_note":"","_exactmetrics_sitenote_category":0,"footnotes":""},"class_list":["post-3237","page","type-page","status-publish","hentry"],"_links":{"self":[{"href":"https:\/\/ville-sous-anjou.fr\/index.php?rest_route=\/wp\/v2\/pages\/3237","targetHints":{"allow":["GET"]}}],"collection":[{"href":"https:\/\/ville-sous-anjou.fr\/index.php?rest_route=\/wp\/v2\/pages"}],"about":[{"href":"https:\/\/ville-sous-anjou.fr\/index.php?rest_route=\/wp\/v2\/types\/page"}],"author":[{"embeddable":true,"href":"https:\/\/ville-sous-anjou.fr\/index.php?rest_route=\/wp\/v2\/users\/1"}],"replies":[{"embeddable":true,"href":"https:\/\/ville-sous-anjou.fr\/index.php?rest_route=%2Fwp%2Fv2%2Fcomments&post=3237"}],"version-history":[{"count":2,"href":"https:\/\/ville-sous-anjou.fr\/index.php?rest_route=\/wp\/v2\/pages\/3237\/revisions"}],"predecessor-version":[{"id":3241,"href":"https:\/\/ville-sous-anjou.fr\/index.php?rest_route=\/wp\/v2\/pages\/3237\/revisions\/3241"}],"wp:attachment":[{"href":"https:\/\/ville-sous-anjou.fr\/index.php?rest_route=%2Fwp%2Fv2%2Fmedia&parent=3237"}],"curies":[{"name":"wp","href":"https:\/\/api.w.org\/{rel}","templated":true}]}}

Agir pour l&rsquo;école

<figure class="wp-block-gallery has-nested-images columns-default is-cropped wp-block-gallery-1 is-layout-flex wp-block-gallery-is-layout-flex"></figure>



<figure class="wp-block-video"><video height="1080" style="aspect-ratio: 1920 / 1080;" width="1920" controls src="https://ville-sous-anjou.fr/wp-content/uploads/2025/02/Video-ecole-de-Ville-sous-Anjou.mp4"></video></figure>



<p></p>



<p>La présente vidéo constitue une œuvre dont la&nbsp;Commune de Ville-sous-Anjou est l&rsquo;auteur, protégée par la législation en vigueur (article L.122-4 du code de la propriété intellectuelle). Toute copie même partielle de cette vidéo interdite sauf consentement exprès du Maire de la commune. Les logos, textes, photographies, vidéo etc&#8230; sont la propriété de la Commune ou de tiers ayant autorisés la&nbsp;Commune de Ville-sous-Anjou à les utiliser.</p>



<p></p>



<p></p>

<p>La présente vidéo constitue une œuvre dont la&nbsp;Commune de Ville-sous-Anjou est l&rsquo;auteur, protégée par la législation en vigueur (article L.122-4 du code de la propriété intellectuelle). Toute copie même partielle de cette vidéo interdite sauf consentement exprès du Maire de la commune. Les logos, textes, photographies, vidéo etc&#8230; sont la [&hellip;]</p>
