{"id":56,"date":"2014-09-02T14:15:05","date_gmt":"2014-09-02T13:15:05","guid":{"rendered":"http:\/\/vsatest.wpweb.fr\/?page_id=56"},"modified":"2015-08-13T12:16:43","modified_gmt":"2015-08-13T12:16:43","slug":"decouvrir","status":"publish","type":"page","link":"https:\/\/ville-sous-anjou.fr\/?page_id=56","title":{"rendered":"D\u00e9couvrir"},"content":{"rendered":"<ul>\n<li><strong><a href=\"http:\/\/ville-sous-anjou.fr\/?page_id=15\">Pr\u00e9sentation<\/a><\/strong><\/li>\n<li><a href=\"http:\/\/ville-sous-anjou.fr\/?page_id=105\"><strong>Dans les alentours<\/strong><\/a><\/li>\n<li><a href=\"http:\/\/ville-sous-anjou.fr\/?page_id=103\"><strong>Aire de camping car<\/strong><\/a><\/li>\n<li><a href=\"http:\/\/ville-sous-anjou.fr\/wp-content\/uploads\/2014\/12\/plan_de_la_commune.pdf\" target=\"_blank\"><strong>T\u00e9l\u00e9chargez ici un plan de notre commune<\/strong><\/a><\/li>\n<\/ul>\n<p><strong>\r\n\t<div class=\"slideshow_container slideshow_container_style-light\" style=\"height: 250px; \" data-slideshow-id=\"653\" data-style-name=\"style-light\" data-style-version=\"2.3.1\" >\r\n\r\n\t\t\t\t\t<div class=\"slideshow_loading_icon\"><\/div>\r\n\t\t\r\n\t\t<div class=\"slideshow_content\" style=\"display: none;\">\r\n\r\n\t\t\t<div class=\"slideshow_view\">\r\n\t\t\t\t<div class=\"slideshow_slide slideshow_slide_image\">\r\n\t\t\t\t\t\t\t\t\t\t\t<img src=\"https:\/\/ville-sous-anjou.fr\/wp-content\/uploads\/2015\/01\/aire-de-jeux-e1421407957181.jpg\" alt=\"aire de jeux\" width=\"1024\" height=\"768\" \/>\r\n\t\t\t\t\t\t\t\t\t\t<div class=\"slideshow_description_box slideshow_transparent\">\r\n\t\t\t\t\t\t<div class=\"slideshow_title\">aire de jeux<\/div>\t\t\t\t\t\t\t\t\t\t\t<\/div>\r\n\t\t\t\t<\/div>\r\n\r\n\t\t\t\t\t\t<div style=\"clear: both;\"><\/div><\/div><div class=\"slideshow_view\">\r\n\t\t\t\t<div class=\"slideshow_slide slideshow_slide_image\">\r\n\t\t\t\t\t\t\t\t\t\t\t<img src=\"https:\/\/ville-sous-anjou.fr\/wp-content\/uploads\/2015\/01\/cabane-de-chasse-e1421407948983.jpg\" alt=\"cabane de chasse\" width=\"1024\" height=\"768\" \/>\r\n\t\t\t\t\t\t\t\t\t\t<div class=\"slideshow_description_box slideshow_transparent\">\r\n\t\t\t\t\t\t<div class=\"slideshow_title\">cabane de chasse<\/div>\t\t\t\t\t\t\t\t\t\t\t<\/div>\r\n\t\t\t\t<\/div>\r\n\r\n\t\t\t\t\t\t<div style=\"clear: both;\"><\/div><\/div><div class=\"slideshow_view\">\r\n\t\t\t\t<div class=\"slideshow_slide slideshow_slide_image\">\r\n\t\t\t\t\t\t\t\t\t\t\t<img src=\"https:\/\/ville-sous-anjou.fr\/wp-content\/uploads\/2015\/01\/glise-village-e1421407940837.jpg\" alt=\"\u00e9glise village\" width=\"1024\" height=\"768\" \/>\r\n\t\t\t\t\t\t\t\t\t\t<div class=\"slideshow_description_box slideshow_transparent\">\r\n\t\t\t\t\t\t<div class=\"slideshow_title\">\u00e9glise village<\/div>\t\t\t\t\t\t\t\t\t\t\t<\/div>\r\n\t\t\t\t<\/div>\r\n\r\n\t\t\t\t\t\t<div style=\"clear: both;\"><\/div><\/div><div class=\"slideshow_view\">\r\n\t\t\t\t<div class=\"slideshow_slide slideshow_slide_image\">\r\n\t\t\t\t\t\t\t\t\t\t\t<img src=\"https:\/\/ville-sous-anjou.fr\/wp-content\/uploads\/2015\/01\/madone-2012-e1421407929535.jpg\" alt=\"madone 2012\" width=\"1024\" height=\"1921\" \/>\r\n\t\t\t\t\t\t\t\t\t\t<div class=\"slideshow_description_box slideshow_transparent\">\r\n\t\t\t\t\t\t<div class=\"slideshow_title\">madone 2012<\/div>\t\t\t\t\t\t\t\t\t\t\t<\/div>\r\n\t\t\t\t<\/div>\r\n\r\n\t\t\t\t\t\t<div style=\"clear: both;\"><\/div><\/div><div class=\"slideshow_view\">\r\n\t\t\t\t<div class=\"slideshow_slide slideshow_slide_image\">\r\n\t\t\t\t\t\t\t\t\t\t\t<img src=\"https:\/\/ville-sous-anjou.fr\/wp-content\/uploads\/2015\/01\/vue-sur-le-village-de-la-tour-dAnjou-e1421407863249.jpg\" alt=\"vue sur le village de la tour d'Anjou\" width=\"1024\" height=\"792\" \/>\r\n\t\t\t\t\t\t\t\t\t\t<div class=\"slideshow_description_box slideshow_transparent\">\r\n\t\t\t\t\t\t<div class=\"slideshow_title\">vue sur le village de la tour d'Anjou<\/div>\t\t\t\t\t\t\t\t\t\t\t<\/div>\r\n\t\t\t\t<\/div>\r\n\r\n\t\t\t\t\t\t<div style=\"clear: both;\"><\/div><\/div><div class=\"slideshow_view\">\r\n\t\t\t\t<div class=\"slideshow_slide slideshow_slide_image\">\r\n\t\t\t\t\t\t\t\t\t\t\t<img src=\"https:\/\/ville-sous-anjou.fr\/wp-content\/uploads\/2015\/01\/VSA3-e1421407807696.jpg\" alt=\"Un champ\" width=\"768\" height=\"576\" \/>\r\n\t\t\t\t\t\t\t\t\t\t<div class=\"slideshow_description_box slideshow_transparent\">\r\n\t\t\t\t\t\t<div class=\"slideshow_title\">Un champ<\/div>\t\t\t\t\t\t\t\t\t\t\t<\/div>\r\n\t\t\t\t<\/div>\r\n\r\n\t\t\t\t\t\t<div style=\"clear: both;\"><\/div><\/div><div class=\"slideshow_view\">\r\n\t\t\t\t<div class=\"slideshow_slide slideshow_slide_image\">\r\n\t\t\t\t\t\t\t\t\t\t\t<img src=\"https:\/\/ville-sous-anjou.fr\/wp-content\/uploads\/2015\/01\/VSA2-e1421407843579.jpg\" alt=\"La madone de nuit\" width=\"1024\" height=\"677\" \/>\r\n\t\t\t\t\t\t\t\t\t\t<div class=\"slideshow_description_box slideshow_transparent\">\r\n\t\t\t\t\t\t<div class=\"slideshow_title\">La madone de nuit<\/div>\t\t\t\t\t\t\t\t\t\t\t<\/div>\r\n\t\t\t\t<\/div>\r\n\r\n\t\t\t\t\t\t<div style=\"clear: both;\"><\/div><\/div><div class=\"slideshow_view\">\r\n\t\t\t\t<div class=\"slideshow_slide slideshow_slide_image\">\r\n\t\t\t\t\t\t\t\t\t\t\t<img src=\"https:\/\/ville-sous-anjou.fr\/wp-content\/uploads\/2015\/01\/parc-du-ch\u00e2teau-champ-coquelicots-e1421407920115.jpg\" alt=\"parc du ch\u00e2teau champ coquelicots\" width=\"1024\" height=\"768\" \/>\r\n\t\t\t\t\t\t\t\t\t\t<div class=\"slideshow_description_box slideshow_transparent\">\r\n\t\t\t\t\t\t<div class=\"slideshow_title\">parc du ch\u00e2teau champ coquelicots<\/div>\t\t\t\t\t\t\t\t\t\t\t<\/div>\r\n\t\t\t\t<\/div>\r\n\r\n\t\t\t\t\t\t<div style=\"clear: both;\"><\/div><\/div><div class=\"slideshow_view\">\r\n\t\t\t\t<div class=\"slideshow_slide slideshow_slide_image\">\r\n\t\t\t\t\t\t\t\t\t\t\t<img src=\"https:\/\/ville-sous-anjou.fr\/wp-content\/uploads\/2015\/01\/pavillon-aujourdhui-e1421407910214.jpg\" alt=\"pavillon aujourd'hui\" width=\"1024\" height=\"768\" \/>\r\n\t\t\t\t\t\t\t\t\t\t<div class=\"slideshow_description_box slideshow_transparent\">\r\n\t\t\t\t\t\t<div class=\"slideshow_title\">pavillon aujourd'hui<\/div>\t\t\t\t\t\t\t\t\t\t\t<\/div>\r\n\t\t\t\t<\/div>\r\n\r\n\t\t\t\t\t\t<div style=\"clear: both;\"><\/div><\/div><div class=\"slideshow_view\">\r\n\t\t\t\t<div class=\"slideshow_slide slideshow_slide_image\">\r\n\t\t\t\t\t\t\t\t\t\t\t<img src=\"https:\/\/ville-sous-anjou.fr\/wp-content\/uploads\/2015\/01\/photo-route-de-Lampon-e1421407901994.jpg\" alt=\"photo route de Lampon\" width=\"1024\" height=\"768\" \/>\r\n\t\t\t\t\t\t\t\t\t\t<div class=\"slideshow_description_box slideshow_transparent\">\r\n\t\t\t\t\t\t<div class=\"slideshow_title\">photo route de Lampon<\/div>\t\t\t\t\t\t\t\t\t\t\t<\/div>\r\n\t\t\t\t<\/div>\r\n\r\n\t\t\t\t\t\t<div style=\"clear: both;\"><\/div><\/div><div class=\"slideshow_view\">\r\n\t\t\t\t<div class=\"slideshow_slide slideshow_slide_image\">\r\n\t\t\t\t\t\t\t\t\t\t\t<img src=\"https:\/\/ville-sous-anjou.fr\/wp-content\/uploads\/2015\/01\/sous-bois-\u00e0-ville-sous-Anjou-e1421407890531.jpg\" alt=\"sous bois \u00e0 ville sous Anjou\" width=\"1024\" height=\"768\" \/>\r\n\t\t\t\t\t\t\t\t\t\t<div class=\"slideshow_description_box slideshow_transparent\">\r\n\t\t\t\t\t\t<div class=\"slideshow_title\">sous bois \u00e0 ville sous Anjou<\/div>\t\t\t\t\t\t\t\t\t\t\t<\/div>\r\n\t\t\t\t<\/div>\r\n\r\n\t\t\t\t\t\t<div style=\"clear: both;\"><\/div><\/div><div class=\"slideshow_view\">\r\n\t\t\t\t<div class=\"slideshow_slide slideshow_slide_image\">\r\n\t\t\t\t\t\t\t\t\t\t\t<img src=\"https:\/\/ville-sous-anjou.fr\/wp-content\/uploads\/2015\/01\/vielle-\u00e9glise-e1421407878746.jpg\" alt=\"vielle \u00e9glise\" width=\"1024\" height=\"1365\" \/>\r\n\t\t\t\t\t\t\t\t\t\t<div class=\"slideshow_description_box slideshow_transparent\">\r\n\t\t\t\t\t\t<div class=\"slideshow_title\">vielle \u00e9glise<\/div>\t\t\t\t\t\t\t\t\t\t\t<\/div>\r\n\t\t\t\t<\/div>\r\n\r\n\t\t\t\t\t\t<div style=\"clear: both;\"><\/div><\/div>\r\n\t\t<\/div>\r\n\r\n\t\t<div class=\"slideshow_controlPanel slideshow_transparent\" style=\"display: none;\"><ul><li class=\"slideshow_togglePlay\" data-play-text=\"Play\" data-pause-text=\"Pause\"><\/li><\/ul><\/div>\r\n\r\n\t\t<div class=\"slideshow_button slideshow_previous slideshow_transparent\" role=\"button\" data-previous-text=\"Pr\u00e9c\u00e9dent\" style=\"display: none;\"><\/div>\r\n\t\t<div class=\"slideshow_button slideshow_next slideshow_transparent\" role=\"button\" data-next-text=\"Suivant\" style=\"display: none;\"><\/div>\r\n\r\n\t\t<div class=\"slideshow_pagination\" style=\"display: none;\" data-go-to-text=\"Go to slide\"><div class=\"slideshow_pagination_center\"><\/div><\/div>\r\n\r\n\t\t<!-- WordPress Slideshow Version 2.3.1 -->\r\n\r\n\t\t\t<\/div>\r\n\r\n<\/strong><\/p>\n","protected":false},"excerpt":{"rendered":"<p>Pr\u00e9sentation Dans les alentours Aire de camping car T\u00e9l\u00e9chargez ici un plan de notre commune<\/p>\n","protected":false},"author":1,"featured_media":0,"parent":0,"menu_order":0,"comment_status":"closed","ping_status":"closed","template":"","meta":{"_exactmetrics_skip_tracking":false,"_exactmetrics_sitenote_active":false,"_exactmetrics_sitenote_note":"","_exactmetrics_sitenote_category":0,"footnotes":""},"class_list":["post-56","page","type-page","status-publish","hentry"],"_links":{"self":[{"href":"https:\/\/ville-sous-anjou.fr\/index.php?rest_route=\/wp\/v2\/pages\/56","targetHints":{"allow":["GET"]}}],"collection":[{"href":"https:\/\/ville-sous-anjou.fr\/index.php?rest_route=\/wp\/v2\/pages"}],"about":[{"href":"https:\/\/ville-sous-anjou.fr\/index.php?rest_route=\/wp\/v2\/types\/page"}],"author":[{"embeddable":true,"href":"https:\/\/ville-sous-anjou.fr\/index.php?rest_route=\/wp\/v2\/users\/1"}],"replies":[{"embeddable":true,"href":"https:\/\/ville-sous-anjou.fr\/index.php?rest_route=%2Fwp%2Fv2%2Fcomments&post=56"}],"version-history":[{"count":4,"href":"https:\/\/ville-sous-anjou.fr\/index.php?rest_route=\/wp\/v2\/pages\/56\/revisions"}],"predecessor-version":[{"id":1033,"href":"https:\/\/ville-sous-anjou.fr\/index.php?rest_route=\/wp\/v2\/pages\/56\/revisions\/1033"}],"wp:attachment":[{"href":"https:\/\/ville-sous-anjou.fr\/index.php?rest_route=%2Fwp%2Fv2%2Fmedia&parent=56"}],"curies":[{"name":"wp","href":"https:\/\/api.w.org\/{rel}","templated":true}]}}

Découvrir

<ul>
<li><strong><a href="http://ville-sous-anjou.fr/?page_id=15">Présentation</a></strong></li>
<li><a href="http://ville-sous-anjou.fr/?page_id=105"><strong>Dans les alentours</strong></a></li>
<li><a href="http://ville-sous-anjou.fr/?page_id=103"><strong>Aire de camping car</strong></a></li>
<li><a href="http://ville-sous-anjou.fr/wp-content/uploads/2014/12/plan_de_la_commune.pdf" target="_blank"><strong>Téléchargez ici un plan de notre commune</strong></a></li>
</ul>
<p><strong>
	<div class="slideshow_container slideshow_container_style-light" style="height: 250px; " data-slideshow-id="653" data-style-name="style-light" data-style-version="2.3.1" >

					<div class="slideshow_loading_icon"></div>
		
		<div class="slideshow_content" style="display: none;">

			<div class="slideshow_view">
				<div class="slideshow_slide slideshow_slide_image">
											<img src="https://ville-sous-anjou.fr/wp-content/uploads/2015/01/aire-de-jeux-e1421407957181.jpg" alt="aire de jeux" width="1024" height="768" />
										<div class="slideshow_description_box slideshow_transparent">
						<div class="slideshow_title">aire de jeux</div>											</div>
				</div>

						<div style="clear: both;"></div></div><div class="slideshow_view">
				<div class="slideshow_slide slideshow_slide_image">
											<img src="https://ville-sous-anjou.fr/wp-content/uploads/2015/01/cabane-de-chasse-e1421407948983.jpg" alt="cabane de chasse" width="1024" height="768" />
										<div class="slideshow_description_box slideshow_transparent">
						<div class="slideshow_title">cabane de chasse</div>											</div>
				</div>

						<div style="clear: both;"></div></div><div class="slideshow_view">
				<div class="slideshow_slide slideshow_slide_image">
											<img src="https://ville-sous-anjou.fr/wp-content/uploads/2015/01/glise-village-e1421407940837.jpg" alt="église village" width="1024" height="768" />
										<div class="slideshow_description_box slideshow_transparent">
						<div class="slideshow_title">église village</div>											</div>
				</div>

						<div style="clear: both;"></div></div><div class="slideshow_view">
				<div class="slideshow_slide slideshow_slide_image">
											<img src="https://ville-sous-anjou.fr/wp-content/uploads/2015/01/madone-2012-e1421407929535.jpg" alt="madone 2012" width="1024" height="1921" />
										<div class="slideshow_description_box slideshow_transparent">
						<div class="slideshow_title">madone 2012</div>											</div>
				</div>

						<div style="clear: both;"></div></div><div class="slideshow_view">
				<div class="slideshow_slide slideshow_slide_image">
											<img src="https://ville-sous-anjou.fr/wp-content/uploads/2015/01/vue-sur-le-village-de-la-tour-dAnjou-e1421407863249.jpg" alt="vue sur le village de la tour d'Anjou" width="1024" height="792" />
										<div class="slideshow_description_box slideshow_transparent">
						<div class="slideshow_title">vue sur le village de la tour d'Anjou</div>											</div>
				</div>

						<div style="clear: both;"></div></div><div class="slideshow_view">
				<div class="slideshow_slide slideshow_slide_image">
											<img src="https://ville-sous-anjou.fr/wp-content/uploads/2015/01/VSA3-e1421407807696.jpg" alt="Un champ" width="768" height="576" />
										<div class="slideshow_description_box slideshow_transparent">
						<div class="slideshow_title">Un champ</div>											</div>
				</div>

						<div style="clear: both;"></div></div><div class="slideshow_view">
				<div class="slideshow_slide slideshow_slide_image">
											<img src="https://ville-sous-anjou.fr/wp-content/uploads/2015/01/VSA2-e1421407843579.jpg" alt="La madone de nuit" width="1024" height="677" />
										<div class="slideshow_description_box slideshow_transparent">
						<div class="slideshow_title">La madone de nuit</div>											</div>
				</div>

						<div style="clear: both;"></div></div><div class="slideshow_view">
				<div class="slideshow_slide slideshow_slide_image">
											<img src="https://ville-sous-anjou.fr/wp-content/uploads/2015/01/parc-du-château-champ-coquelicots-e1421407920115.jpg" alt="parc du château champ coquelicots" width="1024" height="768" />
										<div class="slideshow_description_box slideshow_transparent">
						<div class="slideshow_title">parc du château champ coquelicots</div>											</div>
				</div>

						<div style="clear: both;"></div></div><div class="slideshow_view">
				<div class="slideshow_slide slideshow_slide_image">
											<img src="https://ville-sous-anjou.fr/wp-content/uploads/2015/01/pavillon-aujourdhui-e1421407910214.jpg" alt="pavillon aujourd'hui" width="1024" height="768" />
										<div class="slideshow_description_box slideshow_transparent">
						<div class="slideshow_title">pavillon aujourd'hui</div>											</div>
				</div>

						<div style="clear: both;"></div></div><div class="slideshow_view">
				<div class="slideshow_slide slideshow_slide_image">
											<img src="https://ville-sous-anjou.fr/wp-content/uploads/2015/01/photo-route-de-Lampon-e1421407901994.jpg" alt="photo route de Lampon" width="1024" height="768" />
										<div class="slideshow_description_box slideshow_transparent">
						<div class="slideshow_title">photo route de Lampon</div>											</div>
				</div>

						<div style="clear: both;"></div></div><div class="slideshow_view">
				<div class="slideshow_slide slideshow_slide_image">
											<img src="https://ville-sous-anjou.fr/wp-content/uploads/2015/01/sous-bois-à-ville-sous-Anjou-e1421407890531.jpg" alt="sous bois à ville sous Anjou" width="1024" height="768" />
										<div class="slideshow_description_box slideshow_transparent">
						<div class="slideshow_title">sous bois à ville sous Anjou</div>											</div>
				</div>

						<div style="clear: both;"></div></div><div class="slideshow_view">
				<div class="slideshow_slide slideshow_slide_image">
											<img src="https://ville-sous-anjou.fr/wp-content/uploads/2015/01/vielle-église-e1421407878746.jpg" alt="vielle église" width="1024" height="1365" />
										<div class="slideshow_description_box slideshow_transparent">
						<div class="slideshow_title">vielle église</div>											</div>
				</div>

						<div style="clear: both;"></div></div>
		</div>

		<div class="slideshow_controlPanel slideshow_transparent" style="display: none;"><ul><li class="slideshow_togglePlay" data-play-text="Play" data-pause-text="Pause"></li></ul></div>

		<div class="slideshow_button slideshow_previous slideshow_transparent" role="button" data-previous-text="Précédent" style="display: none;"></div>
		<div class="slideshow_button slideshow_next slideshow_transparent" role="button" data-next-text="Suivant" style="display: none;"></div>

		<div class="slideshow_pagination" style="display: none;" data-go-to-text="Go to slide"><div class="slideshow_pagination_center"></div></div>

		<!-- WordPress Slideshow Version 2.3.1 -->

			</div>

</strong></p>

<p>Présentation Dans les alentours Aire de camping car Téléchargez ici un plan de notre commune</p>
